 + 9*k + 252. Let h be w(16). Calculate the greatest common divisor of h and 28.
28
Let n(q) = -q**3 - 5*q**2 + 29*q + 125. Let s be n(-7). Let x be 3/4 - (-1434)/8. Let t be x + (-1 + 1)/(-3). Calculate the greatest common factor of t and s.
20
Let j = -193 + 215. Let l be (-1)/j*-2468 + 28/(-154). Calculate the greatest common factor of l and 16.
16
Suppose 66*v - 61*v - 60 = 0. Suppose v*q - 115 + 19 = 0. Let n = 1 - -7. What is the highest common divisor of n and q?
8
Let f = 7805 - 7150. Calculate the greatest common divisor of f and 524.
131
Let b(n) = -14*n - 450. Let g be b(-36). Let w be (2/1)/(2/(-42)). Let v = w + g. Calculate the greatest common divisor of 12 and v.
12
Let v = 4702 - 4397. Calculate the greatest common factor of 65 and v.
5
Let j(o) = -149*o + 10. Suppose 94*z = 101*z + 14. Let p be j(z). What is the highest common divisor of 28 and p?
28
Let c(p) = 562*p - 5079. Let q be c(12). Calculate the highest common divisor of 18 and q.
9
Let z = 718 + -714. Suppose -5*y = 5*j - 55, -8*j + z*j = 12. Calculate the highest common divisor of y and 329.
7
Let q = 1 + 29. Suppose 2*d - 1283 = 233. Suppose -5*l - 658 = -d. Calculate the greatest common divisor of l and q.
10
Suppose j - 3*j = 2*g + 238, -j - 3*g - 125 = 0. Let w = 47 + j. Let k = w + 126. Calculate the highest common divisor of 19 and k.
19
Suppose 2*d + 8*d = 7*d + 60. Calculate the highest common divisor of 82 and d.
2
Suppose 53*t = -38*t + 25*t + 845460. Calculate the greatest common factor of t and 30.
30
Suppose -1307 = -108*d + 1285. What is the greatest common factor of 5496 and d?
24
Let j(t) = -t**3 - 96*t**2 - 5*t - 326. Let r be j(-96). Calculate the greatest common factor of 352 and r.
22
Let m = -778 + 1777. Let q = -879 + m. What is the greatest common divisor of q and 3?
3
Suppose -5*z = -5*c - 3*z + 421, -c + 86 = -z. Suppose 8*g - 13 = c. Calculate the highest common divisor of g and 3.
3
Suppose 17*r - 5*a = 20*r - 605, -3*r + 610 = 4*a. What is the highest common factor of r and 1806?
42
Suppose 0 = 5015*i - 4930*i - 2329000. Calculate the greatest common factor of 100 and i.
100
Suppose 2*n + 3*n + 5*t = 45, 5*n = -2*t + 36. Suppose 10 = -x + 2*x. Let k be (-783)/(-45) + 6/x. What is the highest common factor of k and n?
6
Let j = -35 - -41. Suppose 3*o = 5*p - 951, 0 = -6*o + 5*o + 3. Calculate the highest common factor of p and j.
6
Suppose s - 78 = 216. Suppose 95 = 3*i - 2*p - 159, 0 = 2*i - 4*p - 172. What is the greatest common factor of s and i?
42
Let m = -4518 + 4569. Let n be 2/(-6)*(-53 - -2). What is the greatest common divisor of n and m?
17
Let s(i) = -11*i + 466. Let d be s(50). Suppose 0 = -5*c + 504 + 316. Let x be c/6 + -5 + d/(-18). What is the highest common divisor of 243 and x?
27
Suppose 3*h - 5*d = -2*d + 36, 0 = -3*h + 2*d + 32. Let r = 119 + -85. Let m = 58 - r. What is the greatest common divisor of m and h?
8
Suppose 0*m + 32 = 4*m. Let h be 105/42*(-488)/(-10). Let k = h + -114. What is the greatest common factor of m and k?
8
Let b(v) = -v**3 - 3*v**2 + 32*v + 116. Let c be b(-4). What is the greatest common factor of c and 92?
4
Suppose 2*o = -o. Let j be 0 + o + -3 - -39. Let s be (-14)/(-98) + 334/14. Calculate the greatest common factor of j and s.
12
Suppose -1634*p + 1764*p = 544050. What is the highest common divisor of 108 and p?
27
Let j be ((-3)/(-2) + -2)*(-22 + 45 - 79). What is the highest common factor of 770 and j?
14
Let g be -3 - 109846/(-121) - ((-52)/44 - -1). Calculate the highest common divisor of 35 and g.
5
Let b be -1 + (-20)/4*7. Let m be b/45 - 182/10. Let r = m + 21. What is the highest common divisor of r and 8?
2
Let n(d) = 2058*d**2 + 120*d - 119. Let x be n(1). What is the highest common factor of x and 29?
29
Let c(z) = 0*z**3 - 4 - 3*z - z**3 - 32*z**2 - 3*z + 37*z**2. Let d be c(3). Let s be (-20 - d)*-4 - 4. Calculate the highest common divisor of 150 and s.
30
Let f(z) = -29*z + 17. Let p be f(5). Let b = p - -140. Suppose -3*h = 2*h - 180. Calculate the highest common divisor of h and b.
12
Let j(u) = -u**2 - 337*u + 33210. Let i be j(0). What is the highest common divisor of i and 82?
82
Suppose -15 = -5*x, 2*n + 403 = -3*x + 480. Calculate the greatest common factor of 8738 and n.
34
Suppose 4*z = -5*d - 2399, -1614 + 176 = 3*d + z. Let c = d + 661. Let v = -14 + 40. Calculate the highest common divisor of c and v.
26
Let n(a) = 19*a - 5. Suppose -z - 1 + 4 = 0. Let y be n(z). What is the greatest common divisor of y and 130?
26
Let m = 151 - 140. Let s = m + 27. What is the highest common factor of s and 133?
19
Suppose 14990 + 6240 = 11*j. What is the highest common divisor of j and 20?
10
Suppose -4*i - i = 2*x - 5, 5*x = i - 28. Suppose -i*y - 9*d = -10*d - 266, 0 = -5*y - 4*d + 432. Calculate the greatest common factor of y and 16.
8
Let z be ((-180)/9)/(2/(-12)). Calculate the greatest common factor of z and 39.
3
Suppose 0 = 5*b + 12*b - 5*b. Suppose 4*d - 61 + 1 = b. Suppose 5*v - m = -0*m + 303, 4*v - 237 = -m. Calculate the greatest common factor of v and d.
15
Suppose 4*l + 2*m = 46, 2*l - l = -2*m + 19. Suppose 2*f = 17 - l. Let r be f*(-1)/((-4)/8). What is the greatest common divisor of r and 136?
8
Suppose -363*c + 597 = -361*c - 3*n, c - 297 = 3*n. Calculate the highest common divisor of c and 520.
20
Suppose 5*u - 431 = -2*j, -5*u + 8*u = 4*j - 823. What is the greatest common divisor of 128 and j?
16
Let x(c) = 4*c**2 - 3*c - 2. Let v be x(-1). Let s = 41117 - 41113. Calculate the highest common factor of v and s.
1
Let c = -3906 - -3930. Let m be (-15)/6*(-16)/10. Let l = 7 - m. Calculate the greatest common factor of l and c.
3
Let c be 283 + 15/(-5) - (-1)/(1/5). What is the greatest common divisor of 1254 and c?
57
Let t be ((-2)/(-6) - (-156)/(-9))/(328/(-1312)). Calculate the highest common factor of 238 and t.
34
Suppose 16*y + 9407 = 3*x + 14*y, 0 = 3*x + 4*y - 9401. Calculate the greatest common divisor of x and 330.
165
Let w be 4/(-8) + 1215/6 + -6. Calculate the greatest common factor of w and 2597.
49
Let u = -1055 + 1122. Let i be (2/3)/(1/804). Calculate the highest common divisor of u and i.
67
Let o be 80*(-3 - (-4)/2). Let a = o - -103. Let g = a + 19. Calculate the greatest common divisor of 21 and g.
21
Suppose -163*u = -332*u + 155*u + 420. What is the highest common factor of 6975 and u?
15
Let g(f) = 2*f**3 + 7*f**2 - 137*f + 5. Let u be g(-10). What is the greatest common divisor of 1635 and u?
15
Let v(g) = -28*g**3 + 5*g**2 + 12*g - 15. Let n be v(-7). Calculate the greatest common divisor of n and 60.
30
Suppose -4*l = -5*b - 6946, 0 = -l + 5*b + 745 + 969. Calculate the greatest common divisor of l and 109.
109
Suppose -q - 10 = -3*g, 5*q = 29*g - 28*g + 6. Suppose -2*i - 2 + 7 = o, -3*i - q*o = -8. Calculate the highest common factor of 15 and i.
1
Let h = -28494 - -28503. What is the greatest common factor of h and 1662?
3
Let v = 5479 + -5325. Calculate the highest common factor of 638 and v.
22
Suppose k - 3*a - 111 = 0, 4*k = 28*a - 24*a + 412. What is the greatest common factor of k and 249?
3
Let r = 379 - 383. Let z be r/(-30) - 10056/(-180). What is the greatest common factor of 1288 and z?
56
Let m(c) = 10*c - 5. Suppose 54 = 89*x - 83*x. Let o be m(x). Calculate the highest common factor of 17 and o.
17
Let n = 82 + -82. Suppose n = 13*f - 74 - 199. Calculate the highest common factor of 12 and f.
3
Suppose 0 = -i + 48 + 50. Suppose -y = y - i. Suppose -75 = -y*w + 44*w. Calculate the highest common factor of w and 150.
15
Let d(i) = -5*i**2 - 216*i + 110. Let z be d(-43). Calculate the greatest common divisor of z and 7446.
51
Suppose 2*k + 2*y - 2688 = 0, 3*k - 5*y = 6*k - 4034. What is the greatest common divisor of k and 34?
17
Let l = -237 + 241. Suppose -5*r + 40 = -5*c, 0 = 2*r - 2*c + l*c - 8. What is the highest common divisor of r and 45?
3
Suppose 5*k + 3*a = -5, 4*k = 6*k + 3*a + 11. Suppose -k*l - 2 = -20. What is the highest common divisor of l and 441?
9
Let x(k) = -15*k. Let r be x(1). Let n be 6/r + (-760)/(-25) - -3. Let s = -30 + n. What is the highest common divisor of 30 and s?
3
Let q be 4/(-12) - -1 - 5874/9. Let x = q - -713. What is the greatest common divisor of x and 427?
61
Let k(s) = s